{"id":1116,"date":"2022-01-07T15:35:03","date_gmt":"2022-01-07T14:35:03","guid":{"rendered":"http:\/\/saumaize-michelin.com\/?page_id=1116"},"modified":"2022-01-07T17:33:13","modified_gmt":"2022-01-07T16:33:13","slug":"pouilly-fuisse-devient-1er-cru","status":"publish","type":"page","link":"https:\/\/saumaize-michelin.com\/index.php\/fr\/pouilly-fuisse-devient-1er-cru\/","title":{"rendered":"Pouilly Fuiss\u00e9 devient 1er Cru"},"content":{"rendered":"\n<p>L&rsquo;<strong>\u00c9tat a valid\u00e9 la d\u00e9cision de l\u2019Inao de reconna\u00eetre le classement de 200 hectares de Pouilly-Fuiss\u00e9 en 1er cru en 2019. C\u2019est une premi\u00e8re dans le M\u00e2connais.<\/strong><\/p>\n\n\n\n<pre class=\"wp-block-verse\">\u00ab&nbsp;Sur la Roche&nbsp;\u00bb, \u00ab&nbsp;Mar\u00e9chaude&nbsp;\u00bb, \"Les crays\" ou encore \u00ab&nbsp;Vers Cras&nbsp;\u00bb : 22 climats de l\u2019appellation Pouilly-Fuiss\u00e9&nbsp;qui b\u00e9n\u00e9ficie d\u2019une mention Premier Cru.<\/pre>\n\n\n\n<p>Ces parcelles \u2013 uniquement d\u00e9di\u00e9es \u00e0 la production de blancs \u2013 gagnent ainsi un galon dans la hi\u00e9rarchie des vins de Bourgogne. <\/p>\n\n\n\n<pre class=\"wp-block-verse\">Qui dit mention Premier Cru dit&nbsp;nouveau cahier des charges. Et celui-ci se veut ambitieux. Le document implique une r\u00e9duction des rendements et un \u00e9levage long. Probablement une premi\u00e8re pour une appellation d\u2019origine, hors de toute d\u00e9marche environnementale.<br>L\u2019aboutissement de ce dossier&nbsp;intervient 14 ans apr\u00e8s les premi\u00e8res \u00e9tudes, en 2006. Pouilly-Fuiss\u00e9 compte pr\u00e8s de 200 hectares en 1er cru, pour une appellation qui en compte au total 800. C\u2019est une premi\u00e8re dans le M\u00e2connais, vignoble du sud Bourguignon qui produit en grande majorit\u00e9 des vins issus du chardonnay.<\/pre>\n\n\n\n<p><\/p>\n\n\n\n<p><strong>Les 22 Premiers Crus de l\u2019appellation Pouilly-Fuiss\u00e9, par village :<\/strong><\/p>\n\n\n\n<div class=\"wp-block-columns is-layout-flex wp-container-core-columns-layout-3 wp-block-columns-is-layout-flex\">\n<div class=\"wp-block-column is-layout-flow wp-block-column-is-layout-flow\" style=\"flex-basis:25%\">\n<div class=\"wp-block-columns is-layout-flex wp-container-core-columns-layout-1 wp-block-columns-is-layout-flex\">\n<div class=\"wp-block-column is-layout-flow wp-block-column-is-layout-flow\" style=\"flex-basis:100%\">\n<p><strong>VERGISSON<\/strong><br>En France<br><span class=\"has-inline-color has-vivid-green-cyan-color\">La Mar\u00e9chaude<br>Les Crays<br>Sur La Roche<\/span><\/p>\n<\/div>\n<\/div>\n<\/div>\n\n\n\n<div class=\"wp-block-column is-layout-flow wp-block-column-is-layout-flow\" style=\"flex-basis:25%\">\n<div class=\"wp-block-columns is-layout-flex wp-container-core-columns-layout-2 wp-block-columns-is-layout-flex\">\n<div class=\"wp-block-column is-vertically-aligned-center is-layout-flow wp-block-column-is-layout-flow\" style=\"flex-basis:100%\">\n<p><strong>SOLUTR\u00c9-POUILLY<\/strong><br>Au Vignerais<br>Aux Chailloux<br>En Servy<br>La Fr\u00e9rie<br>Le Clos de Solutr\u00e9<br>Pouilly<br><span class=\"has-inline-color has-vivid-green-cyan-color\">Vers Cras<\/span><br>Aux Bouthi\u00e8res<\/p>\n<\/div>\n<\/div>\n<\/div>\n\n\n\n<div class=\"wp-block-column is-layout-flow wp-block-column-is-layout-flow\" style=\"flex-basis:25%\">\n<p><strong>CHAINTR\u00c9<\/strong><br>Aux Quarts<br>Le Clos de Monsieur Noly<br>Le Clos Reyssier<br>Les Chevri\u00e8res<\/p>\n<\/div>\n\n\n\n<div class=\"wp-block-column is-layout-flow wp-block-column-is-layout-flow\" style=\"flex-basis:25%\">\n<p><strong>FUISS\u00c9<\/strong><br>Le Clos<br>Les Brul\u00e9s<br>Les M\u00e9n\u00e9tri\u00e8res<br>Les Perri\u00e8res<br>Les Reisses<br>Les Vignes Blanches<br>Vers Cras<\/p>\n<\/div>\n<\/div>\n\n\n\n<div class=\"wp-block-group is-layout-flow wp-block-group-is-layout-flow\"><div class=\"wp-block-group__inner-container\">\n<figure class=\"wp-block-image size-full\"><a href=\"https:\/\/i0.wp.com\/saumaize-michelin.com\/wp-content\/uploads\/2022\/01\/pouilly-fuisse-carte-1.jpg?ssl=1\"><img loading=\"lazy\" decoding=\"async\" width=\"1024\" height=\"668\" src=\"https:\/\/i0.wp.com\/saumaize-michelin.com\/wp-content\/uploads\/2022\/01\/pouilly-fuisse-carte-1.jpg?resize=1024%2C668&#038;ssl=1\" alt=\"\" class=\"wp-image-1125\" srcset=\"https:\/\/i0.wp.com\/saumaize-michelin.com\/wp-content\/uploads\/2022\/01\/pouilly-fuisse-carte-1.jpg?w=1024&amp;ssl=1 1024w, https:\/\/i0.wp.com\/saumaize-michelin.com\/wp-content\/uploads\/2022\/01\/pouilly-fuisse-carte-1.jpg?resize=300%2C196&amp;ssl=1 300w, https:\/\/i0.wp.com\/saumaize-michelin.com\/wp-content\/uploads\/2022\/01\/pouilly-fuisse-carte-1.jpg?resize=768%2C501&amp;ssl=1 768w\" sizes=\"(max-width: 1024px) 100vw, 1024px\" data-recalc-dims=\"1\" \/><\/a><\/figure>\n<\/div><\/div>\n","protected":false},"excerpt":{"rendered":"<p>L&rsquo;\u00c9tat a valid\u00e9 la d\u00e9cision de l\u2019Inao de reconna\u00eetre le classement de 200 hectares de Pouilly-Fuiss\u00e9 en 1er cru en 2019. C\u2019est [&hellip;]<\/p>\n","protected":false},"author":3,"featured_media":0,"parent":0,"menu_order":0,"comment_status":"closed","ping_status":"closed","template":"","meta":{"footnotes":""},"jetpack_sharing_enabled":true,"_links":{"self":[{"href":"https:\/\/saumaize-michelin.com\/index.php\/wp-json\/wp\/v2\/pages\/1116"}],"collection":[{"href":"https:\/\/saumaize-michelin.com\/index.php\/wp-json\/wp\/v2\/pages"}],"about":[{"href":"https:\/\/saumaize-michelin.com\/index.php\/wp-json\/wp\/v2\/types\/page"}],"author":[{"embeddable":true,"href":"https:\/\/saumaize-michelin.com\/index.php\/wp-json\/wp\/v2\/users\/3"}],"replies":[{"embeddable":true,"href":"https:\/\/saumaize-michelin.com\/index.php\/wp-json\/wp\/v2\/comments?post=1116"}],"version-history":[{"count":4,"href":"https:\/\/saumaize-michelin.com\/index.php\/wp-json\/wp\/v2\/pages\/1116\/revisions"}],"predecessor-version":[{"id":1131,"href":"https:\/\/saumaize-michelin.com\/index.php\/wp-json\/wp\/v2\/pages\/1116\/revisions\/1131"}],"wp:attachment":[{"href":"https:\/\/saumaize-michelin.com\/index.php\/wp-json\/wp\/v2\/media?parent=1116"}],"curies":[{"name":"wp","href":"https:\/\/api.w.org\/{rel}","templated":true}]}}

Pouilly Fuissé devient 1er Cru

<p>L&rsquo;<strong>État a validé la décision de l’Inao de reconnaître le classement de 200 hectares de Pouilly-Fuissé en 1er cru en 2019. C’est une première dans le Mâconnais.</strong></p>



<pre class="wp-block-verse">«&nbsp;Sur la Roche&nbsp;», «&nbsp;Maréchaude&nbsp;», "Les crays" ou encore «&nbsp;Vers Cras&nbsp;» : 22 climats de l’appellation Pouilly-Fuissé&nbsp;qui bénéficie d’une mention Premier Cru.</pre>



<p>Ces parcelles – uniquement dédiées à la production de blancs – gagnent ainsi un galon dans la hiérarchie des vins de Bourgogne. </p>



<pre class="wp-block-verse">Qui dit mention Premier Cru dit&nbsp;nouveau cahier des charges. Et celui-ci se veut ambitieux. Le document implique une réduction des rendements et un élevage long. Probablement une première pour une appellation d’origine, hors de toute démarche environnementale.<br>L’aboutissement de ce dossier&nbsp;intervient 14 ans après les premières études, en 2006. Pouilly-Fuissé compte près de 200 hectares en 1er cru, pour une appellation qui en compte au total 800. C’est une première dans le Mâconnais, vignoble du sud Bourguignon qui produit en grande majorité des vins issus du chardonnay.</pre>



<p></p>



<p><strong>Les 22 Premiers Crus de l’appellation Pouilly-Fuissé, par village :</strong></p>



<div class="wp-block-columns is-layout-flex wp-container-core-columns-layout-3 wp-block-columns-is-layout-flex">
<div class="wp-block-column is-layout-flow wp-block-column-is-layout-flow" style="flex-basis:25%">
<div class="wp-block-columns is-layout-flex wp-container-core-columns-layout-1 wp-block-columns-is-layout-flex">
<div class="wp-block-column is-layout-flow wp-block-column-is-layout-flow" style="flex-basis:100%">
<p><strong>VERGISSON</strong><br>En France<br><span class="has-inline-color has-vivid-green-cyan-color">La Maréchaude<br>Les Crays<br>Sur La Roche</span></p>
</div>
</div>
</div>



<div class="wp-block-column is-layout-flow wp-block-column-is-layout-flow" style="flex-basis:25%">
<div class="wp-block-columns is-layout-flex wp-container-core-columns-layout-2 wp-block-columns-is-layout-flex">
<div class="wp-block-column is-vertically-aligned-center is-layout-flow wp-block-column-is-layout-flow" style="flex-basis:100%">
<p><strong>SOLUTRÉ-POUILLY</strong><br>Au Vignerais<br>Aux Chailloux<br>En Servy<br>La Frérie<br>Le Clos de Solutré<br>Pouilly<br><span class="has-inline-color has-vivid-green-cyan-color">Vers Cras</span><br>Aux Bouthières</p>
</div>
</div>
</div>



<div class="wp-block-column is-layout-flow wp-block-column-is-layout-flow" style="flex-basis:25%">
<p><strong>CHAINTRÉ</strong><br>Aux Quarts<br>Le Clos de Monsieur Noly<br>Le Clos Reyssier<br>Les Chevrières</p>
</div>



<div class="wp-block-column is-layout-flow wp-block-column-is-layout-flow" style="flex-basis:25%">
<p><strong>FUISSÉ</strong><br>Le Clos<br>Les Brulés<br>Les Ménétrières<br>Les Perrières<br>Les Reisses<br>Les Vignes Blanches<br>Vers Cras</p>
</div>
</div>



<div class="wp-block-group is-layout-flow wp-block-group-is-layout-flow"><div class="wp-block-group__inner-container">
<figure class="wp-block-image size-full"><a href="https://i0.wp.com/saumaize-michelin.com/wp-content/uploads/2022/01/pouilly-fuisse-carte-1.jpg?ssl=1"><img loading="lazy" decoding="async" width="1024" height="668" src="https://i0.wp.com/saumaize-michelin.com/wp-content/uploads/2022/01/pouilly-fuisse-carte-1.jpg?resize=1024%2C668&#038;ssl=1" alt="" class="wp-image-1125" srcset="https://i0.wp.com/saumaize-michelin.com/wp-content/uploads/2022/01/pouilly-fuisse-carte-1.jpg?w=1024&amp;ssl=1 1024w, https://i0.wp.com/saumaize-michelin.com/wp-content/uploads/2022/01/pouilly-fuisse-carte-1.jpg?resize=300%2C196&amp;ssl=1 300w, https://i0.wp.com/saumaize-michelin.com/wp-content/uploads/2022/01/pouilly-fuisse-carte-1.jpg?resize=768%2C501&amp;ssl=1 768w" sizes="(max-width: 1024px) 100vw, 1024px" data-recalc-dims="1" /></a></figure>
</div></div>

<p>L&rsquo;État a validé la décision de l’Inao de reconnaître le classement de 200 hectares de Pouilly-Fuissé en 1er cru en 2019. C’est [&hellip;]</p>
