{"id":311,"date":"2016-05-30T09:53:15","date_gmt":"2016-05-30T07:53:15","guid":{"rendered":"http:\/\/saumaize-michelin.com\/?page_id=311"},"modified":"2016-06-15T14:48:31","modified_gmt":"2016-06-15T13:48:31","slug":"savor","status":"publish","type":"page","link":"https:\/\/saumaize-michelin.com\/index.php\/en\/savor\/","title":{"rendered":"Savor"},"content":{"rendered":"<ul>\n<li><a href=\"https:\/\/saumaize-michelin.com\/index.php\/vins\/macon-rouge\">M\u00e2con Rouge<\/a><\/li>\n<li><a href=\"https:\/\/saumaize-michelin.com\/index.php\/vins\/macon-vergisson\/ \u200e\">M\u00e2con Vergisson<\/a><\/li>\n<li><a href=\"https:\/\/saumaize-michelin.com\/index.php\/vins\/macon-villages\">M\u00e2con Village<\/a><\/li>\n<li><a href=\"https:\/\/saumaize-michelin.com\/index.php\/vins\/pouilly-fuisse\/\">Pouilly-Fuiss\u00e9<\/a><\/li>\n<li><a href=\"https:\/\/saumaize-michelin.com\/index.php\/vins\/saint-verand\/\">Saint-V\u00e9rand<\/a><\/li>\n<\/ul>\n<p class=\"error\">Basic Google Maps Placemarks erreur\u00a0: les fichiers JavaScript et\/ou CSS n\u2019ont pas pu \u00eatre charg\u00e9s. SI vous utilisez la fonction do_shortcode(), vous devez d\u2019abord ajouter un filtre \u00e0 votre th\u00e8me. Voir <a href=\"http:\/\/wordpress.org\/extend\/plugins\/basic-google-maps-placemarks\/faq\/\">la FAQ<\/a> pour plus de d\u00e9tails.<\/p>\n","protected":false},"excerpt":{"rendered":"<p>M\u00e2con Rouge M\u00e2con Vergisson M\u00e2con Village Pouilly-Fuiss\u00e9 Saint-V\u00e9rand<\/p>\n","protected":false},"author":3,"featured_media":0,"parent":0,"menu_order":0,"comment_status":"closed","ping_status":"closed","template":"","meta":{"footnotes":""},"jetpack_sharing_enabled":true,"_links":{"self":[{"href":"https:\/\/saumaize-michelin.com\/index.php\/wp-json\/wp\/v2\/pages\/311"}],"collection":[{"href":"https:\/\/saumaize-michelin.com\/index.php\/wp-json\/wp\/v2\/pages"}],"about":[{"href":"https:\/\/saumaize-michelin.com\/index.php\/wp-json\/wp\/v2\/types\/page"}],"author":[{"embeddable":true,"href":"https:\/\/saumaize-michelin.com\/index.php\/wp-json\/wp\/v2\/users\/3"}],"replies":[{"embeddable":true,"href":"https:\/\/saumaize-michelin.com\/index.php\/wp-json\/wp\/v2\/comments?post=311"}],"version-history":[{"count":2,"href":"https:\/\/saumaize-michelin.com\/index.php\/wp-json\/wp\/v2\/pages\/311\/revisions"}],"predecessor-version":[{"id":690,"href":"https:\/\/saumaize-michelin.com\/index.php\/wp-json\/wp\/v2\/pages\/311\/revisions\/690"}],"wp:attachment":[{"href":"https:\/\/saumaize-michelin.com\/index.php\/wp-json\/wp\/v2\/media?parent=311"}],"curies":[{"name":"wp","href":"https:\/\/api.w.org\/{rel}","templated":true}]}}