{"id":39,"date":"2016-05-23T10:36:50","date_gmt":"2016-05-23T08:36:50","guid":{"rendered":"http:\/\/saumaize-michelin.com\/?page_id=39"},"modified":"2023-12-20T10:44:26","modified_gmt":"2023-12-20T09:44:26","slug":"macon-villages-2","status":"publish","type":"page","link":"https:\/\/saumaize-michelin.com\/index.php\/fr\/deguster-macon-village-saint-veran-pouilly-fuisse-chardonnay-gamay-saumaize-michelin-vergisson-vin-de-bourgogne\/macon-villages\/macon-villages-2\/","title":{"rendered":"M\u00e2con Vergisson"},"content":{"rendered":"<div id=\"pl-39\"  class=\"panel-layout\" ><div id=\"pg-39-0\"  class=\"panel-grid panel-has-style\" ><div style=\"padding: 100px 0; \" data-overlay=\"true\" class=\"panel-row-style panel-row-style-for-39-0\" ><div id=\"pgc-39-0-0\"  class=\"panel-grid-cell\" ><div id=\"panel-39-0-0-0\" class=\"so-panel widget widget_sow-image panel-first-child panel-last-child\" data-index=\"0\" ><div\n\t\t\t\n\t\t\tclass=\"so-widget-sow-image so-widget-sow-image-default-8b5b6f678277-39\"\n\t\t\t\n\t\t>\n<div class=\"sow-image-container\">\n\t\t<img \n\tsrc=\"https:\/\/i0.wp.com\/saumaize-michelin.com\/wp-content\/uploads\/2016\/05\/macon-vergisson.jpg?fit=500%2C375&amp;ssl=1\" width=\"500\" height=\"375\" srcset=\"https:\/\/i0.wp.com\/saumaize-michelin.com\/wp-content\/uploads\/2016\/05\/macon-vergisson.jpg?w=500&amp;ssl=1 500w, https:\/\/i0.wp.com\/saumaize-michelin.com\/wp-content\/uploads\/2016\/05\/macon-vergisson.jpg?resize=300%2C225&amp;ssl=1 300w\" alt=\"\u00c9tiquette domaine Saumaize-Michelin\" \t\tclass=\"so-widget-image\"\/>\n\t<\/div>\n\n<\/div><\/div><\/div><div id=\"pgc-39-0-1\"  class=\"panel-grid-cell\" ><div id=\"panel-39-0-1-0\" class=\"so-panel widget widget_sow-editor panel-first-child panel-last-child\" data-index=\"1\" ><div style=\"text-align: left;\" data-title-color=\"#443f3f\" data-headings-color=\"#443f3f\" class=\"panel-widget-style panel-widget-style-for-39-0-1-0\" ><div\n\t\t\t\n\t\t\tclass=\"so-widget-sow-editor so-widget-sow-editor-base\"\n\t\t\t\n\t\t>\n<div class=\"siteorigin-widget-tinymce textwidget\">\n\t<p>Vigne de 30 ans implant\u00e9 sur l'arri\u00e8re de la Roche de Vergisson sur un terroir caillouteux d'une altitude de 390 \u00e0 410 m\u00e8tres.<br \/>\nExposition nord-est pour une surface de 60 ares, en deux parcelles.<br \/>\nC\u00e9page : Chardonnay<\/p>\n<p>Vin tr\u00e8s droit ou le cot\u00e9 citronner est renforc\u00e9 par la min\u00e9ralit\u00e9 typique de la roche.<br \/>\nNez sur des ar\u00f4mes d'agrumes et de fruits blancs. Bouche dans un registre salin et min\u00e9ral affirm\u00e9.<\/p>\n<\/div>\n<\/div><\/div><\/div><\/div><\/div><\/div><\/div>","protected":false},"excerpt":{"rendered":"<p>Vigne de 30 ans implant\u00e9 sur l&rsquo;arri\u00e8re de la Roche de Vergisson sur un terroir caillouteux d&rsquo;une altitude de 390 \u00e0 410 [&hellip;]<\/p>\n","protected":false},"author":3,"featured_media":0,"parent":77,"menu_order":2,"comment_status":"closed","ping_status":"closed","template":"","meta":{"footnotes":""},"jetpack_sharing_enabled":true,"_links":{"self":[{"href":"https:\/\/saumaize-michelin.com\/index.php\/wp-json\/wp\/v2\/pages\/39"}],"collection":[{"href":"https:\/\/saumaize-michelin.com\/index.php\/wp-json\/wp\/v2\/pages"}],"about":[{"href":"https:\/\/saumaize-michelin.com\/index.php\/wp-json\/wp\/v2\/types\/page"}],"author":[{"embeddable":true,"href":"https:\/\/saumaize-michelin.com\/index.php\/wp-json\/wp\/v2\/users\/3"}],"replies":[{"embeddable":true,"href":"https:\/\/saumaize-michelin.com\/index.php\/wp-json\/wp\/v2\/comments?post=39"}],"version-history":[{"count":6,"href":"https:\/\/saumaize-michelin.com\/index.php\/wp-json\/wp\/v2\/pages\/39\/revisions"}],"predecessor-version":[{"id":1201,"href":"https:\/\/saumaize-michelin.com\/index.php\/wp-json\/wp\/v2\/pages\/39\/revisions\/1201"}],"up":[{"embeddable":true,"href":"https:\/\/saumaize-michelin.com\/index.php\/wp-json\/wp\/v2\/pages\/77"}],"wp:attachment":[{"href":"https:\/\/saumaize-michelin.com\/index.php\/wp-json\/wp\/v2\/media?parent=39"}],"curies":[{"name":"wp","href":"https:\/\/api.w.org\/{rel}","templated":true}]}}

Mâcon Vergisson

<div id="pl-39"  class="panel-layout" ><div id="pg-39-0"  class="panel-grid panel-has-style" ><div style="padding: 100px 0; " data-overlay="true" class="panel-row-style panel-row-style-for-39-0" ><div id="pgc-39-0-0"  class="panel-grid-cell" ><div id="panel-39-0-0-0" class="so-panel widget widget_sow-image panel-first-child panel-last-child" data-index="0" ><div
			
			class="so-widget-sow-image so-widget-sow-image-default-8b5b6f678277-39"
			
		>
<div class="sow-image-container">
		<img 
	src="https://i0.wp.com/saumaize-michelin.com/wp-content/uploads/2016/05/macon-vergisson.jpg?fit=500%2C375&amp;ssl=1" width="500" height="375" srcset="https://i0.wp.com/saumaize-michelin.com/wp-content/uploads/2016/05/macon-vergisson.jpg?w=500&amp;ssl=1 500w, https://i0.wp.com/saumaize-michelin.com/wp-content/uploads/2016/05/macon-vergisson.jpg?resize=300%2C225&amp;ssl=1 300w" alt="Étiquette domaine Saumaize-Michelin" 		class="so-widget-image"/>
	</div>

</div></div></div><div id="pgc-39-0-1"  class="panel-grid-cell" ><div id="panel-39-0-1-0" class="so-panel widget widget_sow-editor panel-first-child panel-last-child" data-index="1" ><div style="text-align: left;" data-title-color="#443f3f" data-headings-color="#443f3f" class="panel-widget-style panel-widget-style-for-39-0-1-0" ><div
			
			class="so-widget-sow-editor so-widget-sow-editor-base"
			
		>
<div class="siteorigin-widget-tinymce textwidget">
	<p>Vigne de 30 ans implanté sur l'arrière de la Roche de Vergisson sur un terroir caillouteux d'une altitude de 390 à 410 mètres.<br />
Exposition nord-est pour une surface de 60 ares, en deux parcelles.<br />
Cépage : Chardonnay</p>
<p>Vin très droit ou le coté citronner est renforcé par la minéralité typique de la roche.<br />
Nez sur des arômes d'agrumes et de fruits blancs. Bouche dans un registre salin et minéral affirmé.</p>
</div>
</div></div></div></div></div></div></div>

<p>Vigne de 30 ans implanté sur l&rsquo;arrière de la Roche de Vergisson sur un terroir caillouteux d&rsquo;une altitude de 390 à 410 [&hellip;]</p>
