{"id":5,"date":"2016-05-23T08:43:29","date_gmt":"2016-05-23T07:43:29","guid":{"rendered":"http:\/\/saumaize-michelin.com\/?page_id=5"},"modified":"2021-04-29T17:31:02","modified_gmt":"2021-04-29T16:31:02","slug":"leliege","status":"publish","type":"page","link":"https:\/\/saumaize-michelin.com\/index.php\/fr\/leliege\/","title":{"rendered":"Le li\u00e8ge"},"content":{"rendered":"<div id=\"pl-5\"  class=\"panel-layout\" ><div id=\"pg-5-0\"  class=\"panel-grid panel-has-style\" ><div style=\"padding: 100px 0; \" data-overlay=\"true\" class=\"panel-row-style panel-row-style-for-5-0\" ><div id=\"pgc-5-0-0\"  class=\"panel-grid-cell\" ><div id=\"panel-5-0-0-0\" class=\"so-panel widget widget_sow-editor panel-first-child panel-last-child\" data-index=\"0\" ><div\n\t\t\t\n\t\t\tclass=\"so-widget-sow-editor so-widget-sow-editor-base\"\n\t\t\t\n\t\t>\n<div class=\"siteorigin-widget-tinymce textwidget\">\n\t<h1>Nous avons d\u00e9cid\u00e9 de vous parler des bouchons : un \u00e9l\u00e9ment essentiel pour nous!<\/h1>\n<p>L'un des facteurs les plus importants pour une maturation ult\u00e9rieure des vins est le scellement de la bouteille.<\/p>\n<p>70 % des vignerons du monde scellent leurs bouteilles de vin \u00e0 l\u2019aide du bouchon de li\u00e8ge. Il est \u00e9galement n\u00e9cessaire pour transporter et stocker le vin facilement.<\/p>\n<h2 id=\"yui_3_17_2_3_1509033073885_2577\"><strong id=\"yui_3_17_2_3_1509033073885_2576\">Le li\u00e8ge\u00a0: un mat\u00e9riau aux propri\u00e9t\u00e9s uniques<\/strong><\/h2>\n<p id=\"yui_3_17_2_3_1509033073885_2659\">Le li\u00e8ge est l'\u00e9corce qui est enlev\u00e9 du tronc d\u2019un arbre appel\u00e9 ch\u00eane-li\u00e8ge. Il poss\u00e8de la capacit\u00e9 de r\u00e9g\u00e9n\u00e9rer son \u00e9corce de mani\u00e8re naturelle chaque fois qu\u2019il en est d\u00e9pouill\u00e9.<\/p>\n<p id=\"yui_3_17_2_3_1509033073885_3101\">Le li\u00e8ge n\u2019est obtenu que tous les 9 ans environ.<\/p>\n<p id=\"yui_3_17_2_3_1509033073885_3111\">Le li\u00e8ge proc\u00e8de plein de caract\u00e9ristiques \u00e9poustouflantes! C\u2019est un excellent isolant thermique et acoustique ; il est imperm\u00e9able aux liquides et aux gaz, flexible, biod\u00e9gradable, recyclable et doux au toucher. Il pr\u00e9sente une excellente r\u00e9sistance au feu et aux hautes temp\u00e9ratures, une haute r\u00e9sistance au frottement, une bonne \u00e9lasticit\u00e9 et compressibilit\u00e9, ainsi qu\u2019une extr\u00eame l\u00e9g\u00e8ret\u00e9. C\u2019est rare de trouver autant de propri\u00e9t\u00e9s simultan\u00e9ment dans un seul mat\u00e9riau!<\/p>\n<p>&nbsp;<\/p>\n<p id=\"yui_3_17_2_3_1509033073885_3891\">Tous les bouchons de vin ne sont pas les m\u00eames, et certains sont plus fiables que d\u2019autres. Ainsi, chaque vin a des besoins sp\u00e9cifiques en termes de conservation et de vieillissement, et le type de li\u00e8ge affecte d'une certaine fa\u00e7on la saveur du vin au fil du temps.<\/p>\n<p id=\"yui_3_17_2_3_1509033073885_3937\"><strong id=\"yui_3_17_2_3_1509033073885_3936\">Les bouchons en li\u00e8ge naturel<\/strong><\/p>\n<p id=\"yui_3_17_2_3_1509033073885_3958\">Les bouchons en li\u00e8ge naturel sont obtenus directement de l\u2019\u00e9corce du ch\u00eane-li\u00e8ge. Ils sont extraits en une seule pi\u00e8ce enti\u00e8re gr\u00e2ce \u00e0 des techniques de d\u00e9coupage.<\/p>\n<p>Totalement naturels, ils permettent au vin de vieillir dans les meilleures conditions. C\u2019est leur excellente capacit\u00e9 d'\u00e9tanch\u00e9it\u00e9 qui est \u00e0 la base des meilleures conditions pour l'\u00e9volution et la maturation du vin.<\/p>\n<p id=\"yui_3_17_2_3_1509033073885_4919\">Ils sont ins\u00e9r\u00e9s dans le goulot gr\u00e2ce \u00e0 la compression, qui ne d\u00e9passe pas souvent 33\u00a0% de leur diam\u00e8tre afin de ne pas d\u00e9truire leurs cellules. C\u2019est pourquoi lorsqu\u2019ils sont extraits, ils peuvent avoir gard\u00e9 la grande majorit\u00e9 de leur taille d\u2019origine.<\/p>\n<p>&nbsp;<\/p>\n<p>&nbsp;<\/p>\n<h2 id=\"yui_3_17_2_3_1509033073885_8142\"><strong id=\"yui_3_17_2_3_1509033073885_8141\">Extraire le bouchon de li\u00e8ge\u00a0: une affaire de tire-bouchons<\/strong><\/h2>\n<p id=\"yui_3_17_2_3_1509033073885_8232\">Le but de boucher une bouteille de vin n\u2019est pas de condamner le liquide, mais de faciliter son stockage et son transport dans les meilleures conditions, et de lui permettre de se conserver convenablement. \u00c0 l\u2019issue de la p\u00e9riode de maturation ou simplement au moment d\u00e9cid\u00e9 pour la d\u00e9gustation, il faut \u00e9videmment d\u00e9boucher la bouteille. C\u2019est dans cette optique que les \u00ab\u00a0tires bouchons\u00a0\u00bb ont \u00e9t\u00e9 cr\u00e9\u00e9s.<\/p>\n<p>Apparus au d\u00e9but du 17e si\u00e8cle, les tire-bouchons ont beaucoup \u00e9volu\u00e9 sur le plan esth\u00e9tique et technique, passant d\u2019une simple spirale \u00e0 des arrangements toujours plus commodes. On trouve par exemple\u00a0:<\/p>\n<ul>\n<li>Des tire-bouchons \u00e0 doubles appuis, qui permettent d\u2019extraire les bouchons verticalement et en deux mouvements\u00a0;<\/li>\n<li>Des tire-bouchons bilame, tr\u00e8s commodes pour extraire des bouchons affaiblis\u00a0;<\/li>\n<li>Des tire-bouchons dits \u00ab screwpull \u00bb, tr\u00e8s utiles pour extraire les bouchons robustes sans trop d\u2019efforts, et donc bien indiqu\u00e9s lorsqu\u2019il faut extraire beaucoup de bouchons ;<\/li>\n<li>Des tire-bouchons en levier, aussi populaires que pratiques\u00a0;<\/li>\n<li>Et m\u00eame des tire-bouchons \u00e0 gaz, qui utilisent l\u2019action du gaz pour extraire le bouchon.<\/li>\n<\/ul>\n<p>&nbsp;<\/p>\n<p><a href=\"https:\/\/i0.wp.com\/saumaize-michelin.com\/wp-content\/uploads\/2020\/12\/verre-macro-1.jpg\"><img loading=\"lazy\" decoding=\"async\" class=\" wp-image-1074 aligncenter\" src=\"https:\/\/i0.wp.com\/saumaize-michelin.com\/wp-content\/uploads\/2020\/12\/verre-macro-1-300x185.jpg?resize=413%2C255\" alt=\"\" width=\"413\" height=\"255\" srcset=\"https:\/\/i0.wp.com\/saumaize-michelin.com\/wp-content\/uploads\/2020\/12\/verre-macro-1.jpg?resize=300%2C185&amp;ssl=1 300w, https:\/\/i0.wp.com\/saumaize-michelin.com\/wp-content\/uploads\/2020\/12\/verre-macro-1.jpg?resize=1024%2C633&amp;ssl=1 1024w, https:\/\/i0.wp.com\/saumaize-michelin.com\/wp-content\/uploads\/2020\/12\/verre-macro-1.jpg?resize=768%2C474&amp;ssl=1 768w, https:\/\/i0.wp.com\/saumaize-michelin.com\/wp-content\/uploads\/2020\/12\/verre-macro-1.jpg?resize=1536%2C949&amp;ssl=1 1536w, https:\/\/i0.wp.com\/saumaize-michelin.com\/wp-content\/uploads\/2020\/12\/verre-macro-1.jpg?w=2048&amp;ssl=1 2048w\" sizes=\"(max-width: 413px) 100vw, 413px\" data-recalc-dims=\"1\" \/><\/a><\/p>\n<p>&nbsp;<\/p>\n<\/div>\n<\/div><\/div><\/div><\/div><\/div><\/div>","protected":false},"excerpt":{"rendered":"<p>Nous avons d\u00e9cid\u00e9 de vous parler des bouchons : un \u00e9l\u00e9ment essentiel pour nous! L&rsquo;un des facteurs les plus importants pour une [&hellip;]<\/p>\n","protected":false},"author":3,"featured_media":0,"parent":0,"menu_order":0,"comment_status":"closed","ping_status":"closed","template":"","meta":{"footnotes":""},"jetpack_sharing_enabled":true,"_links":{"self":[{"href":"https:\/\/saumaize-michelin.com\/index.php\/wp-json\/wp\/v2\/pages\/5"}],"collection":[{"href":"https:\/\/saumaize-michelin.com\/index.php\/wp-json\/wp\/v2\/pages"}],"about":[{"href":"https:\/\/saumaize-michelin.com\/index.php\/wp-json\/wp\/v2\/types\/page"}],"author":[{"embeddable":true,"href":"https:\/\/saumaize-michelin.com\/index.php\/wp-json\/wp\/v2\/users\/3"}],"replies":[{"embeddable":true,"href":"https:\/\/saumaize-michelin.com\/index.php\/wp-json\/wp\/v2\/comments?post=5"}],"version-history":[{"count":10,"href":"https:\/\/saumaize-michelin.com\/index.php\/wp-json\/wp\/v2\/pages\/5\/revisions"}],"predecessor-version":[{"id":1102,"href":"https:\/\/saumaize-michelin.com\/index.php\/wp-json\/wp\/v2\/pages\/5\/revisions\/1102"}],"wp:attachment":[{"href":"https:\/\/saumaize-michelin.com\/index.php\/wp-json\/wp\/v2\/media?parent=5"}],"curies":[{"name":"wp","href":"https:\/\/api.w.org\/{rel}","templated":true}]}}