{"id":80,"date":"2016-05-24T15:29:15","date_gmt":"2016-05-24T13:29:15","guid":{"rendered":"http:\/\/saumaize-michelin.com\/?page_id=80"},"modified":"2023-12-20T10:45:17","modified_gmt":"2023-12-20T09:45:17","slug":"les-creches","status":"publish","type":"page","link":"https:\/\/saumaize-michelin.com\/index.php\/fr\/deguster-macon-village-saint-veran-pouilly-fuisse-chardonnay-gamay-saumaize-michelin-vergisson-vin-de-bourgogne\/saint-veran\/les-creches\/","title":{"rendered":"Saint-V\u00e9ran Les Cr\u00e8ches"},"content":{"rendered":"<p>Ancr\u00e9e au pied de la Roche de Vergisson, sur la commune de Davay\u00e9 d&rsquo;1.08 ha, en 2 parcelles sur le m\u00eame terroir expos\u00e9es au sud-est. L&rsquo;un de 40 ans et l&rsquo;autre de plus de 60 ans.&nbsp;La vigne plus ancienne apporte subtilit\u00e9 et profondeur, et la vigne plus jeune apporte min\u00e9ralit\u00e9 et fra\u00eecheur.<\/p>\n<p>La plus grande, \u00e2g\u00e9e de 40 ans, implant\u00e9e sur un sol maigre fortement calcaire, l&rsquo;autre, une vieille vigne de 60 ans, plus basse sur le coteau, au sol plus argileux avec des raisins souvent millerand\u00e9s et concentr\u00e9s. Le mariage de ces deux vignes donne un vin au fruit plein, ample, soutenu par une min\u00e9ralit\u00e9 affirm\u00e9e (craie grasse).<br \/>\nLa maturit\u00e9 toujours aboutie, est \u00e9quilibr\u00e9e par l&rsquo;enracinement et le caract\u00e8re du terroir.<\/p>\n<p>100% barrique ferment\u00e9;&nbsp;Fermentation 100% malolactique.&nbsp;Vieilli 12 mois en f\u00fbts de ch\u00eane fran\u00e7ais 228L.&nbsp;Batonnage une fois tous les 10 jours pendant 9 mois en \u00e9levage sur lies fines.<\/p>\n<p>Un vin puissant et d&rsquo;une expression raffin\u00e9e \u00e0 la fois, d\u00e9veloppant des notes d&rsquo;abricots sur un bel ensemble min\u00e9ral, avec une longueur exceptionnelle en bouche tout en restant sur une dynamique de fra\u00eecheur.<\/p>\n<p><a href=\"https:\/\/i0.wp.com\/saumaize-michelin.com\/wp-content\/uploads\/2020\/05\/saumaize-michelein-saint-veran-les-creches-2-scaled.jpg?ssl=1\"><img loading=\"lazy\" decoding=\"async\" class=\"aligncenter wp-image-913 size-medium\" src=\"https:\/\/i0.wp.com\/saumaize-michelin.com\/wp-content\/uploads\/2020\/05\/saumaize-michelein-saint-veran-les-creches-2.jpg?resize=200%2C300&#038;ssl=1\" alt=\"Saint V\u00e9ran les Cr\u00e8ches Chardonnay Domaine Saumaize Michelin Vergisson Bourgogne vin\" width=\"200\" height=\"300\" srcset=\"https:\/\/i0.wp.com\/saumaize-michelin.com\/wp-content\/uploads\/2020\/05\/saumaize-michelein-saint-veran-les-creches-2-scaled.jpg?resize=200%2C300&amp;ssl=1 200w, https:\/\/i0.wp.com\/saumaize-michelin.com\/wp-content\/uploads\/2020\/05\/saumaize-michelein-saint-veran-les-creches-2-scaled.jpg?resize=683%2C1024&amp;ssl=1 683w, https:\/\/i0.wp.com\/saumaize-michelin.com\/wp-content\/uploads\/2020\/05\/saumaize-michelein-saint-veran-les-creches-2-scaled.jpg?resize=768%2C1151&amp;ssl=1 768w, https:\/\/i0.wp.com\/saumaize-michelin.com\/wp-content\/uploads\/2020\/05\/saumaize-michelein-saint-veran-les-creches-2-scaled.jpg?resize=1025%2C1536&amp;ssl=1 1025w, https:\/\/i0.wp.com\/saumaize-michelin.com\/wp-content\/uploads\/2020\/05\/saumaize-michelein-saint-veran-les-creches-2-scaled.jpg?resize=1367%2C2048&amp;ssl=1 1367w, https:\/\/i0.wp.com\/saumaize-michelin.com\/wp-content\/uploads\/2020\/05\/saumaize-michelein-saint-veran-les-creches-2-scaled.jpg?resize=830%2C1244&amp;ssl=1 830w, https:\/\/i0.wp.com\/saumaize-michelin.com\/wp-content\/uploads\/2020\/05\/saumaize-michelein-saint-veran-les-creches-2-scaled.jpg?resize=230%2C345&amp;ssl=1 230w, https:\/\/i0.wp.com\/saumaize-michelin.com\/wp-content\/uploads\/2020\/05\/saumaize-michelein-saint-veran-les-creches-2-scaled.jpg?resize=350%2C524&amp;ssl=1 350w, https:\/\/i0.wp.com\/saumaize-michelin.com\/wp-content\/uploads\/2020\/05\/saumaize-michelein-saint-veran-les-creches-2-scaled.jpg?resize=480%2C719&amp;ssl=1 480w, https:\/\/i0.wp.com\/saumaize-michelin.com\/wp-content\/uploads\/2020\/05\/saumaize-michelein-saint-veran-les-creches-2-scaled.jpg?w=1709&amp;ssl=1 1709w\" sizes=\"(max-width: 200px) 100vw, 200px\" data-recalc-dims=\"1\" \/><\/a><\/p>\n\n\n<p class=\"has-text-align-right\"><\/p>\n","protected":false},"excerpt":{"rendered":"<p>Ancr\u00e9e au pied de la Roche de Vergisson, sur la commune de Davay\u00e9 d&rsquo;1.08 ha, en 2 parcelles sur le m\u00eame terroir [&hellip;]<\/p>\n","protected":false},"author":3,"featured_media":0,"parent":26,"menu_order":1,"comment_status":"closed","ping_status":"closed","template":"","meta":{"footnotes":""},"jetpack_sharing_enabled":true,"_links":{"self":[{"href":"https:\/\/saumaize-michelin.com\/index.php\/wp-json\/wp\/v2\/pages\/80"}],"collection":[{"href":"https:\/\/saumaize-michelin.com\/index.php\/wp-json\/wp\/v2\/pages"}],"about":[{"href":"https:\/\/saumaize-michelin.com\/index.php\/wp-json\/wp\/v2\/types\/page"}],"author":[{"embeddable":true,"href":"https:\/\/saumaize-michelin.com\/index.php\/wp-json\/wp\/v2\/users\/3"}],"replies":[{"embeddable":true,"href":"https:\/\/saumaize-michelin.com\/index.php\/wp-json\/wp\/v2\/comments?post=80"}],"version-history":[{"count":6,"href":"https:\/\/saumaize-michelin.com\/index.php\/wp-json\/wp\/v2\/pages\/80\/revisions"}],"predecessor-version":[{"id":1203,"href":"https:\/\/saumaize-michelin.com\/index.php\/wp-json\/wp\/v2\/pages\/80\/revisions\/1203"}],"up":[{"embeddable":true,"href":"https:\/\/saumaize-michelin.com\/index.php\/wp-json\/wp\/v2\/pages\/26"}],"wp:attachment":[{"href":"https:\/\/saumaize-michelin.com\/index.php\/wp-json\/wp\/v2\/media?parent=80"}],"curies":[{"name":"wp","href":"https:\/\/api.w.org\/{rel}","templated":true}]}}

Saint-Véran Les Crèches

<p>Ancrée au pied de la Roche de Vergisson, sur la commune de Davayé d&rsquo;1.08 ha, en 2 parcelles sur le même terroir exposées au sud-est. L&rsquo;un de 40 ans et l&rsquo;autre de plus de 60 ans.&nbsp;La vigne plus ancienne apporte subtilité et profondeur, et la vigne plus jeune apporte minéralité et fraîcheur.</p>
<p>La plus grande, âgée de 40 ans, implantée sur un sol maigre fortement calcaire, l&rsquo;autre, une vieille vigne de 60 ans, plus basse sur le coteau, au sol plus argileux avec des raisins souvent millerandés et concentrés. Le mariage de ces deux vignes donne un vin au fruit plein, ample, soutenu par une minéralité affirmée (craie grasse).<br />
La maturité toujours aboutie, est équilibrée par l&rsquo;enracinement et le caractère du terroir.</p>
<p>100% barrique fermenté;&nbsp;Fermentation 100% malolactique.&nbsp;Vieilli 12 mois en fûts de chêne français 228L.&nbsp;Batonnage une fois tous les 10 jours pendant 9 mois en élevage sur lies fines.</p>
<p>Un vin puissant et d&rsquo;une expression raffinée à la fois, développant des notes d&rsquo;abricots sur un bel ensemble minéral, avec une longueur exceptionnelle en bouche tout en restant sur une dynamique de fraîcheur.</p>
<p><a href="https://i0.wp.com/saumaize-michelin.com/wp-content/uploads/2020/05/saumaize-michelein-saint-veran-les-creches-2-scaled.jpg?ssl=1"><img loading="lazy" decoding="async" class="aligncenter wp-image-913 size-medium" src="https://i0.wp.com/saumaize-michelin.com/wp-content/uploads/2020/05/saumaize-michelein-saint-veran-les-creches-2.jpg?resize=200%2C300&#038;ssl=1" alt="Saint Véran les Crèches Chardonnay Domaine Saumaize Michelin Vergisson Bourgogne vin" width="200" height="300" srcset="https://i0.wp.com/saumaize-michelin.com/wp-content/uploads/2020/05/saumaize-michelein-saint-veran-les-creches-2-scaled.jpg?resize=200%2C300&amp;ssl=1 200w, https://i0.wp.com/saumaize-michelin.com/wp-content/uploads/2020/05/saumaize-michelein-saint-veran-les-creches-2-scaled.jpg?resize=683%2C1024&amp;ssl=1 683w, https://i0.wp.com/saumaize-michelin.com/wp-content/uploads/2020/05/saumaize-michelein-saint-veran-les-creches-2-scaled.jpg?resize=768%2C1151&amp;ssl=1 768w, https://i0.wp.com/saumaize-michelin.com/wp-content/uploads/2020/05/saumaize-michelein-saint-veran-les-creches-2-scaled.jpg?resize=1025%2C1536&amp;ssl=1 1025w, https://i0.wp.com/saumaize-michelin.com/wp-content/uploads/2020/05/saumaize-michelein-saint-veran-les-creches-2-scaled.jpg?resize=1367%2C2048&amp;ssl=1 1367w, https://i0.wp.com/saumaize-michelin.com/wp-content/uploads/2020/05/saumaize-michelein-saint-veran-les-creches-2-scaled.jpg?resize=830%2C1244&amp;ssl=1 830w, https://i0.wp.com/saumaize-michelin.com/wp-content/uploads/2020/05/saumaize-michelein-saint-veran-les-creches-2-scaled.jpg?resize=230%2C345&amp;ssl=1 230w, https://i0.wp.com/saumaize-michelin.com/wp-content/uploads/2020/05/saumaize-michelein-saint-veran-les-creches-2-scaled.jpg?resize=350%2C524&amp;ssl=1 350w, https://i0.wp.com/saumaize-michelin.com/wp-content/uploads/2020/05/saumaize-michelein-saint-veran-les-creches-2-scaled.jpg?resize=480%2C719&amp;ssl=1 480w, https://i0.wp.com/saumaize-michelin.com/wp-content/uploads/2020/05/saumaize-michelein-saint-veran-les-creches-2-scaled.jpg?w=1709&amp;ssl=1 1709w" sizes="(max-width: 200px) 100vw, 200px" data-recalc-dims="1" /></a></p>


<p class="has-text-align-right"></p>

<p>Ancrée au pied de la Roche de Vergisson, sur la commune de Davayé d&rsquo;1.08 ha, en 2 parcelles sur le même terroir [&hellip;]</p>
