{"id":89,"date":"2016-05-24T15:31:23","date_gmt":"2016-05-24T13:31:23","guid":{"rendered":"http:\/\/saumaize-michelin.com\/?page_id=89"},"modified":"2023-12-20T11:00:27","modified_gmt":"2023-12-20T10:00:27","slug":"courtelongs","status":"publish","type":"page","link":"https:\/\/saumaize-michelin.com\/index.php\/fr\/deguster-macon-village-saint-veran-pouilly-fuisse-chardonnay-gamay-saumaize-michelin-vergisson-vin-de-bourgogne\/pouilly-fuisse\/courtelongs\/","title":{"rendered":"Les Courtelongs"},"content":{"rendered":"\n<p>Pouilly-Fuiss\u00e9 \u00ab\u00a0Les Courtelongs\u00a0\u00bb est expos\u00e9 au nord, cette parcelle a une particularit\u00e9 incroyable d\u2019\u00eatre plus ensoleill\u00e9 que certaine vigne expos\u00e9 sud \u00e0 partir du printemps. <\/p>\n\n\n\n<p>Issu du c\u00e9page Chardonnay (100%) sur une parcelle de 38 ares o\u00f9 se contient plusieurs g\u00e9n\u00e9rations de veille vigne. La partie la plus ancienne, plant\u00e9e par l\u2019arri\u00e8re-grand-p\u00e8re de Roger Saumaize, ont plus de 100 ans. Les autres sont entre 50 et 80 ans. Le veille vigne donnant toujours une majorit\u00e9 de raisins \u00e0 tout petit grain.<\/p>\n\n\n\n<p><\/p>\n\n\n\n<p>Vendange manuelle, Foulage, pressurage pneumatique. Fermentations int\u00e9grales en barrique bourguignonne de ch\u00eane fran\u00e7ais (fut 1 \u00e0 7 ans\u00a0; 10% de fut neuf maximum). Elevage durant un an sur lie fine. Mise ne bouteille en fonction en du calendrier lunaire par nos soins, sans filtration, en octobre.<\/p>\n\n\n\n<p><\/p>\n\n\n\n<p>Malgr\u00e9 une exposition nord, les maturit\u00e9s sont toujours abouties. Nez\u00a0sur des ar\u00f4mes de fruits bien m\u00fbrs, avec des notes min\u00e9rales.<\/p>\n\n\n\n<p>Une bouche g\u00e9n\u00e9reuse avec une belle mati\u00e8re, des notes de fruits confits prouvent aller vers des notes p\u00e9trol\u00e9es. Finale sur la tension et salivante. Se d\u00e9gage de la d\u00e9gustation une fraicheur impressionnante du a la \u00ab\u00a0lumi\u00e8re froide\u00a0\u00bb.\u00a0<\/p>\n\n\n<div class=\"wp-block-image\">\n<figure class=\"aligncenter size-large is-resized\"><img loading=\"lazy\" decoding=\"async\" width=\"683\" height=\"1024\" src=\"https:\/\/i0.wp.com\/saumaize-michelin.com\/wp-content\/uploads\/2020\/05\/saumaize-michelein-pouilly-fuisse-les-courtelongs-2.jpg?resize=683%2C1024&#038;ssl=1\" alt=\"\" class=\"wp-image-882\" style=\"width:289px;height:432px\" srcset=\"https:\/\/i0.wp.com\/saumaize-michelin.com\/wp-content\/uploads\/2020\/05\/saumaize-michelein-pouilly-fuisse-les-courtelongs-2-scaled.jpg?resize=683%2C1024&amp;ssl=1 683w, https:\/\/i0.wp.com\/saumaize-michelin.com\/wp-content\/uploads\/2020\/05\/saumaize-michelein-pouilly-fuisse-les-courtelongs-2-scaled.jpg?resize=200%2C300&amp;ssl=1 200w, https:\/\/i0.wp.com\/saumaize-michelin.com\/wp-content\/uploads\/2020\/05\/saumaize-michelein-pouilly-fuisse-les-courtelongs-2-scaled.jpg?resize=768%2C1151&amp;ssl=1 768w, https:\/\/i0.wp.com\/saumaize-michelin.com\/wp-content\/uploads\/2020\/05\/saumaize-michelein-pouilly-fuisse-les-courtelongs-2-scaled.jpg?resize=1025%2C1536&amp;ssl=1 1025w, https:\/\/i0.wp.com\/saumaize-michelin.com\/wp-content\/uploads\/2020\/05\/saumaize-michelein-pouilly-fuisse-les-courtelongs-2-scaled.jpg?resize=1367%2C2048&amp;ssl=1 1367w, https:\/\/i0.wp.com\/saumaize-michelin.com\/wp-content\/uploads\/2020\/05\/saumaize-michelein-pouilly-fuisse-les-courtelongs-2-scaled.jpg?resize=830%2C1244&amp;ssl=1 830w, https:\/\/i0.wp.com\/saumaize-michelin.com\/wp-content\/uploads\/2020\/05\/saumaize-michelein-pouilly-fuisse-les-courtelongs-2-scaled.jpg?resize=230%2C345&amp;ssl=1 230w, https:\/\/i0.wp.com\/saumaize-michelin.com\/wp-content\/uploads\/2020\/05\/saumaize-michelein-pouilly-fuisse-les-courtelongs-2-scaled.jpg?resize=350%2C524&amp;ssl=1 350w, https:\/\/i0.wp.com\/saumaize-michelin.com\/wp-content\/uploads\/2020\/05\/saumaize-michelein-pouilly-fuisse-les-courtelongs-2-scaled.jpg?resize=480%2C719&amp;ssl=1 480w, https:\/\/i0.wp.com\/saumaize-michelin.com\/wp-content\/uploads\/2020\/05\/saumaize-michelein-pouilly-fuisse-les-courtelongs-2-scaled.jpg?w=1709&amp;ssl=1 1709w\" sizes=\"(max-width: 683px) 100vw, 683px\" data-recalc-dims=\"1\" \/><\/figure><\/div>\n\n\n<p class=\"has-text-align-right\"><\/p>\n","protected":false},"excerpt":{"rendered":"<p>Pouilly-Fuiss\u00e9 \u00ab\u00a0Les Courtelongs\u00a0\u00bb est expos\u00e9 au nord, cette parcelle a une particularit\u00e9 incroyable d\u2019\u00eatre plus ensoleill\u00e9 que certaine vigne expos\u00e9 sud \u00e0 [&hellip;]<\/p>\n","protected":false},"author":3,"featured_media":0,"parent":24,"menu_order":4,"comment_status":"closed","ping_status":"closed","template":"","meta":{"footnotes":""},"jetpack_sharing_enabled":true,"_links":{"self":[{"href":"https:\/\/saumaize-michelin.com\/index.php\/wp-json\/wp\/v2\/pages\/89"}],"collection":[{"href":"https:\/\/saumaize-michelin.com\/index.php\/wp-json\/wp\/v2\/pages"}],"about":[{"href":"https:\/\/saumaize-michelin.com\/index.php\/wp-json\/wp\/v2\/types\/page"}],"author":[{"embeddable":true,"href":"https:\/\/saumaize-michelin.com\/index.php\/wp-json\/wp\/v2\/users\/3"}],"replies":[{"embeddable":true,"href":"https:\/\/saumaize-michelin.com\/index.php\/wp-json\/wp\/v2\/comments?post=89"}],"version-history":[{"count":7,"href":"https:\/\/saumaize-michelin.com\/index.php\/wp-json\/wp\/v2\/pages\/89\/revisions"}],"predecessor-version":[{"id":1207,"href":"https:\/\/saumaize-michelin.com\/index.php\/wp-json\/wp\/v2\/pages\/89\/revisions\/1207"}],"up":[{"embeddable":true,"href":"https:\/\/saumaize-michelin.com\/index.php\/wp-json\/wp\/v2\/pages\/24"}],"wp:attachment":[{"href":"https:\/\/saumaize-michelin.com\/index.php\/wp-json\/wp\/v2\/media?parent=89"}],"curies":[{"name":"wp","href":"https:\/\/api.w.org\/{rel}","templated":true}]}}

<p>Pouilly-Fuissé « Les Courtelongs » est exposé au nord, cette parcelle a une particularité incroyable d’être plus ensoleillé que certaine vigne exposé sud à partir du printemps. </p>



<p>Issu du cépage Chardonnay (100%) sur une parcelle de 38 ares où se contient plusieurs générations de veille vigne. La partie la plus ancienne, plantée par l’arrière-grand-père de Roger Saumaize, ont plus de 100 ans. Les autres sont entre 50 et 80 ans. Le veille vigne donnant toujours une majorité de raisins à tout petit grain.</p>



<p></p>



<p>Vendange manuelle, Foulage, pressurage pneumatique. Fermentations intégrales en barrique bourguignonne de chêne français (fut 1 à 7 ans ; 10% de fut neuf maximum). Elevage durant un an sur lie fine. Mise ne bouteille en fonction en du calendrier lunaire par nos soins, sans filtration, en octobre.</p>



<p></p>



<p>Malgré une exposition nord, les maturités sont toujours abouties. Nez sur des arômes de fruits bien mûrs, avec des notes minérales.</p>



<p>Une bouche généreuse avec une belle matière, des notes de fruits confits prouvent aller vers des notes pétrolées. Finale sur la tension et salivante. Se dégage de la dégustation une fraicheur impressionnante du a la « lumière froide ». </p>


<div class="wp-block-image">
<figure class="aligncenter size-large is-resized"><img loading="lazy" decoding="async" width="683" height="1024" src="https://i0.wp.com/saumaize-michelin.com/wp-content/uploads/2020/05/saumaize-michelein-pouilly-fuisse-les-courtelongs-2.jpg?resize=683%2C1024&#038;ssl=1" alt="" class="wp-image-882" style="width:289px;height:432px" srcset="https://i0.wp.com/saumaize-michelin.com/wp-content/uploads/2020/05/saumaize-michelein-pouilly-fuisse-les-courtelongs-2-scaled.jpg?resize=683%2C1024&amp;ssl=1 683w, https://i0.wp.com/saumaize-michelin.com/wp-content/uploads/2020/05/saumaize-michelein-pouilly-fuisse-les-courtelongs-2-scaled.jpg?resize=200%2C300&amp;ssl=1 200w, https://i0.wp.com/saumaize-michelin.com/wp-content/uploads/2020/05/saumaize-michelein-pouilly-fuisse-les-courtelongs-2-scaled.jpg?resize=768%2C1151&amp;ssl=1 768w, https://i0.wp.com/saumaize-michelin.com/wp-content/uploads/2020/05/saumaize-michelein-pouilly-fuisse-les-courtelongs-2-scaled.jpg?resize=1025%2C1536&amp;ssl=1 1025w, https://i0.wp.com/saumaize-michelin.com/wp-content/uploads/2020/05/saumaize-michelein-pouilly-fuisse-les-courtelongs-2-scaled.jpg?resize=1367%2C2048&amp;ssl=1 1367w, https://i0.wp.com/saumaize-michelin.com/wp-content/uploads/2020/05/saumaize-michelein-pouilly-fuisse-les-courtelongs-2-scaled.jpg?resize=830%2C1244&amp;ssl=1 830w, https://i0.wp.com/saumaize-michelin.com/wp-content/uploads/2020/05/saumaize-michelein-pouilly-fuisse-les-courtelongs-2-scaled.jpg?resize=230%2C345&amp;ssl=1 230w, https://i0.wp.com/saumaize-michelin.com/wp-content/uploads/2020/05/saumaize-michelein-pouilly-fuisse-les-courtelongs-2-scaled.jpg?resize=350%2C524&amp;ssl=1 350w, https://i0.wp.com/saumaize-michelin.com/wp-content/uploads/2020/05/saumaize-michelein-pouilly-fuisse-les-courtelongs-2-scaled.jpg?resize=480%2C719&amp;ssl=1 480w, https://i0.wp.com/saumaize-michelin.com/wp-content/uploads/2020/05/saumaize-michelein-pouilly-fuisse-les-courtelongs-2-scaled.jpg?w=1709&amp;ssl=1 1709w" sizes="(max-width: 683px) 100vw, 683px" data-recalc-dims="1" /></figure></div>


<p class="has-text-align-right"></p>

<p>Pouilly-Fuissé « Les Courtelongs » est exposé au nord, cette parcelle a une particularité incroyable d’être plus ensoleillé que certaine vigne exposé sud à [&hellip;]</p>
